{"id":11,"date":"2017-01-26T10:42:07","date_gmt":"2017-01-26T10:42:07","guid":{"rendered":"http:\/\/bhcomp.sk\/bum\/?page_id=11"},"modified":"2017-02-17T08:52:31","modified_gmt":"2017-02-17T08:52:31","slug":"tlac","status":"publish","type":"page","link":"https:\/\/www.bumstudio.sk\/?page_id=11","title":{"rendered":"Digit\u00e1lna tla\u010d"},"content":{"rendered":"<div id=\"pl-11\"  class=\"panel-layout\" ><div id=\"pg-11-0\"  class=\"panel-grid panel-has-style\" ><div style=\"padding: 0px 0; \" data-overlay=\"true\" data-overlay-color=\"#000000\" class=\"panel-row-style panel-row-style-for-11-0\" ><div id=\"pgc-11-0-0\"  class=\"panel-grid-cell\" ><div id=\"panel-11-0-0-0\" class=\"so-panel widget widget_sow-slider panel-first-child panel-last-child\" data-index=\"0\" ><div style=\"text-align: left;\" data-title-color=\"#443f3f\" data-headings-color=\"#443f3f\" class=\"panel-widget-style panel-widget-style-for-11-0-0-0\" ><div\n\t\t\t\n\t\t\tclass=\"so-widget-sow-slider so-widget-sow-slider-default-6d39609536fd-11\"\n\t\t\t\n\t\t>\t\t\t\t<div class=\"sow-slider-base\" style=\"display: none\" tabindex=\"0\">\n\t\t\t\t\t<ul\n\t\t\t\t\tclass=\"sow-slider-images\"\n\t\t\t\t\tdata-settings=\"{&quot;pagination&quot;:true,&quot;speed&quot;:800,&quot;timeout&quot;:8000,&quot;paused&quot;:false,&quot;pause_on_hover&quot;:false,&quot;swipe&quot;:true,&quot;nav_always_show_desktop&quot;:&quot;&quot;,&quot;nav_always_show_mobile&quot;:&quot;&quot;,&quot;breakpoint&quot;:&quot;780px&quot;,&quot;unmute&quot;:false,&quot;anchor&quot;:null}\"\n\t\t\t\t\t\t\t\t\t\tdata-anchor-id=\"\"\n\t\t\t\t>\t\t<li class=\"sow-slider-image\" style=\"visibility: visible;\" >\n\t\t\t\t\t\t<div class=\"sow-slider-image-container\">\n\t\t\t\t<div class=\"sow-slider-image-wrapper\" style=\"max-width: 640px\">\n\t\t\t\t\t\t\t\t\t\t<div class=\"sow-slider-image-foreground-wrapper\">\n\t\t\t\t\t\t<img loading=\"lazy\" decoding=\"async\" width=\"640\" height=\"374\" src=\"https:\/\/www.bumstudio.sk\/wp-content\/uploads\/2017\/01\/D-Series_Finishing.png\" class=\"sow-slider-foreground-image\" alt=\"\" style=\"\" srcset=\"https:\/\/www.bumstudio.sk\/wp-content\/uploads\/2017\/01\/D-Series_Finishing.png 640w, https:\/\/www.bumstudio.sk\/wp-content\/uploads\/2017\/01\/D-Series_Finishing-300x175.png 300w, https:\/\/www.bumstudio.sk\/wp-content\/uploads\/2017\/01\/D-Series_Finishing-230x134.png 230w, https:\/\/www.bumstudio.sk\/wp-content\/uploads\/2017\/01\/D-Series_Finishing-350x205.png 350w, https:\/\/www.bumstudio.sk\/wp-content\/uploads\/2017\/01\/D-Series_Finishing-480x281.png 480w\" sizes=\"(max-width: 640px) 100vw, 640px\" \/>\t\t\t\t\t<\/div>\n\t\t\t\t\t\t\t\t\t<\/div>\n\t\t\t<\/div>\n\t\t\t\t\t<\/li>\n\t\t\t\t<li class=\"sow-slider-image\" style=\"visibility: hidden;\" >\n\t\t\t\t\t\t<div class=\"sow-slider-image-container\">\n\t\t\t\t<div class=\"sow-slider-image-wrapper\" style=\"max-width: 640px\">\n\t\t\t\t\t\t\t\t\t\t<div class=\"sow-slider-image-foreground-wrapper\">\n\t\t\t\t\t\t<img loading=\"lazy\" decoding=\"async\" width=\"640\" height=\"374\" src=\"https:\/\/www.bumstudio.sk\/wp-content\/uploads\/2017\/01\/slide2_22.png\" class=\"sow-slider-foreground-image\" alt=\"\" style=\"\" srcset=\"https:\/\/www.bumstudio.sk\/wp-content\/uploads\/2017\/01\/slide2_22.png 640w, https:\/\/www.bumstudio.sk\/wp-content\/uploads\/2017\/01\/slide2_22-300x175.png 300w, https:\/\/www.bumstudio.sk\/wp-content\/uploads\/2017\/01\/slide2_22-230x134.png 230w, https:\/\/www.bumstudio.sk\/wp-content\/uploads\/2017\/01\/slide2_22-350x205.png 350w, https:\/\/www.bumstudio.sk\/wp-content\/uploads\/2017\/01\/slide2_22-480x281.png 480w\" sizes=\"(max-width: 640px) 100vw, 640px\" \/>\t\t\t\t\t<\/div>\n\t\t\t\t\t\t\t\t\t<\/div>\n\t\t\t<\/div>\n\t\t\t\t\t<\/li>\n\t\t<\/ul>\t\t\t\t<ol class=\"sow-slider-pagination\">\n\t\t\t\t\t\t\t\t\t\t\t<li><a href=\"#\" data-goto=\"0\" aria-label=\"display slide 1\"><\/a><\/li>\n\t\t\t\t\t\t\t\t\t\t\t<li><a href=\"#\" data-goto=\"1\" aria-label=\"display slide 2\"><\/a><\/li>\n\t\t\t\t\t\t\t\t\t<\/ol>\n\n\t\t\t\t<div class=\"sow-slide-nav sow-slide-nav-next\">\n\t\t\t\t\t<a href=\"#\" data-goto=\"next\" aria-label=\"next slide\" data-action=\"next\">\n\t\t\t\t\t\t<em class=\"sow-sld-icon-thin-right\"><\/em>\n\t\t\t\t\t<\/a>\n\t\t\t\t<\/div>\n\n\t\t\t\t<div class=\"sow-slide-nav sow-slide-nav-prev\">\n\t\t\t\t\t<a href=\"#\" data-goto=\"previous\" aria-label=\"previous slide\" data-action=\"prev\">\n\t\t\t\t\t\t<em class=\"sow-sld-icon-thin-left\"><\/em>\n\t\t\t\t\t<\/a>\n\t\t\t\t<\/div>\n\t\t\t\t<\/div><\/div><\/div><\/div><\/div><div id=\"pgc-11-0-1\"  class=\"panel-grid-cell\" ><div id=\"panel-11-0-1-0\" class=\"so-panel widget widget_sow-icon panel-first-child\" data-index=\"1\" ><div style=\"text-align: left;\" data-title-color=\"#443f3f\" data-headings-color=\"#443f3f\" class=\"panel-widget-style panel-widget-style-for-11-0-1-0\" ><div\n\t\t\t\n\t\t\tclass=\"so-widget-sow-icon so-widget-sow-icon-default-a8eb38e83977-11\"\n\t\t\t\n\t\t>\n<div class=\"sow-icon-container sow-icon\">\n\t\t\t<span class=\"sow-icon-elegantline\" data-sow-icon=\"&#xe013;\"\n\t\t \n\t\taria-hidden=\"true\"><\/span>\t<\/div>\n<\/div><\/div><\/div><div id=\"panel-11-0-1-1\" class=\"so-panel widget widget_sow-headline panel-last-child\" data-index=\"2\" ><div style=\"text-align: left;\" data-title-color=\"#dd9933\" data-headings-color=\"#000000\" class=\"panel-widget-style panel-widget-style-for-11-0-1-1\" ><div\n\t\t\t\n\t\t\tclass=\"so-widget-sow-headline so-widget-sow-headline-default-f22505183097-11\"\n\t\t\t\n\t\t><div class=\"sow-headline-container \">\n\t\t\t\t\t\t\t<h5 class=\"sow-headline\">\n\t\t\t\t\t\tDigit\u00e1lna Tla\u010d do form\u00e1tu A3+,A3++( 330x488mm )\t\t\t\t\t\t<\/h5>\n\t\t\t\t\t\t\t\t\t\t\t<div class=\"decoration\">\n\t\t\t\t\t\t<div class=\"decoration-inside\"><\/div>\n\t\t\t\t\t<\/div>\n\t\t\t\t\t\t\t\t\t\t\t<h6 class=\"sow-sub-headline\">\n\t\t\t\t\t\tForm\u00e1ty A3 a men\u0161ie s\u00fa realizovan\u00e9 laserovou technol\u00f3giou, ktor\u00e1 je ekonomickej\u0161ia. Je pre \u0148u charakteristick\u00e1 vysok\u00e1 presnos\u0165 l\u00edni\u00ed a r\u00fdchlos\u0165, v\u010faka ktorej V\u00e1m vieme zabezpe\u010di\u0165 aj ve\u013ek\u00fd po\u010det k\u00f3pi\u00ed v\u010das.\t\t\t\t\t\t<\/h6>\n\t\t\t\t\t\t<\/div>\n<\/div><\/div><\/div><\/div><\/div><\/div><div id=\"pg-11-1\"  class=\"panel-grid panel-has-style\" ><div class=\"siteorigin-panels-stretch panel-row-style panel-row-style-for-11-1\" style=\"padding: 20px 0; \" data-stretch-type=\"full-stretched\" data-overlay=\"true\" data-overlay-color=\"#000000\" ><div id=\"pgc-11-1-0\"  class=\"panel-grid-cell\" ><div id=\"panel-11-1-0-0\" class=\"so-panel widget widget_sow-image panel-first-child\" data-index=\"3\" ><div style=\"text-align: left;\" data-title-color=\"#443f3f\" data-headings-color=\"#443f3f\" class=\"panel-widget-style panel-widget-style-for-11-1-0-0\" ><div\n\t\t\t\n\t\t\tclass=\"so-widget-sow-image so-widget-sow-image-default-c67d20f9f743-11\"\n\t\t\t\n\t\t>\n\n<div class=\"sow-image-container\">\n\t\t\t<a href=\"https:\/\/www.bumstudio.sk\/?page_id=22\"\n\t\t\t\t\t>\n\t\t\t<img loading=\"lazy\" decoding=\"async\" src=\"https:\/\/www.bumstudio.sk\/wp-content\/uploads\/2017\/02\/vizitky-05-150x150.jpg\" width=\"150\" height=\"150\" srcset=\"https:\/\/www.bumstudio.sk\/wp-content\/uploads\/2017\/02\/vizitky-05-150x150.jpg 150w, https:\/\/www.bumstudio.sk\/wp-content\/uploads\/2017\/02\/vizitky-05-300x300.jpg 300w, https:\/\/www.bumstudio.sk\/wp-content\/uploads\/2017\/02\/vizitky-05-768x768.jpg 768w, https:\/\/www.bumstudio.sk\/wp-content\/uploads\/2017\/02\/vizitky-05-1024x1024.jpg 1024w, https:\/\/www.bumstudio.sk\/wp-content\/uploads\/2017\/02\/vizitky-05-180x180.jpg 180w, https:\/\/www.bumstudio.sk\/wp-content\/uploads\/2017\/02\/vizitky-05-600x600.jpg 600w, https:\/\/www.bumstudio.sk\/wp-content\/uploads\/2017\/02\/vizitky-05-830x830.jpg 830w, https:\/\/www.bumstudio.sk\/wp-content\/uploads\/2017\/02\/vizitky-05-230x230.jpg 230w, https:\/\/www.bumstudio.sk\/wp-content\/uploads\/2017\/02\/vizitky-05-350x350.jpg 350w, https:\/\/www.bumstudio.sk\/wp-content\/uploads\/2017\/02\/vizitky-05-480x480.jpg 480w\" sizes=\"(max-width: 150px) 100vw, 150px\" alt=\"\" \t\tclass=\"so-widget-image\"\/>\n\t<\/a><\/div>\n\n<\/div><\/div><\/div><div id=\"panel-11-1-0-1\" class=\"so-panel widget widget_sow-headline panel-last-child\" data-index=\"4\" ><div style=\"text-align: left;\" data-title-color=\"#443f3f\" data-headings-color=\"#443f3f\" class=\"panel-widget-style panel-widget-style-for-11-1-0-1\" ><div\n\t\t\t\n\t\t\tclass=\"so-widget-sow-headline so-widget-sow-headline-default-f87a0bfa52e5-11\"\n\t\t\t\n\t\t><div class=\"sow-headline-container \">\n\t\t\t\t\t\t\t<h3 class=\"sow-headline\">\n\t\t\t\t\t\tVizitky\t\t\t\t\t\t<\/h3>\n\t\t\t\t\t\t\t\t\t\t\t<div class=\"decoration\">\n\t\t\t\t\t\t<div class=\"decoration-inside\"><\/div>\n\t\t\t\t\t<\/div>\n\t\t\t\t\t\t\t\t\t\t\t<h6 class=\"sow-sub-headline\">\n\t\t\t\t\t\tProfesion\u00e1lny n\u00e1vrh a tla\u010d vizitiek presne po\u013ea va\u0161ej chuti .\t\t\t\t\t\t<\/h6>\n\t\t\t\t\t\t<\/div>\n<\/div><\/div><\/div><\/div><div id=\"pgc-11-1-1\"  class=\"panel-grid-cell\" ><div id=\"panel-11-1-1-0\" class=\"so-panel widget widget_sow-image panel-first-child\" data-index=\"5\" ><div style=\"text-align: left;\" data-title-color=\"#443f3f\" data-headings-color=\"#443f3f\" class=\"panel-widget-style panel-widget-style-for-11-1-1-0\" ><div\n\t\t\t\n\t\t\tclass=\"so-widget-sow-image so-widget-sow-image-default-c67d20f9f743-11\"\n\t\t\t\n\t\t>\n\n<div class=\"sow-image-container\">\n\t\t\t<a href=\"https:\/\/www.bumstudio.sk\/?page_id=274\"\n\t\t\t\t\t>\n\t\t\t<img loading=\"lazy\" decoding=\"async\" src=\"https:\/\/www.bumstudio.sk\/wp-content\/uploads\/2017\/02\/archa-150x150.jpg\" width=\"150\" height=\"150\" srcset=\"https:\/\/www.bumstudio.sk\/wp-content\/uploads\/2017\/02\/archa-150x150.jpg 150w, https:\/\/www.bumstudio.sk\/wp-content\/uploads\/2017\/02\/archa-300x300.jpg 300w, https:\/\/www.bumstudio.sk\/wp-content\/uploads\/2017\/02\/archa-768x768.jpg 768w, https:\/\/www.bumstudio.sk\/wp-content\/uploads\/2017\/02\/archa-1024x1024.jpg 1024w, https:\/\/www.bumstudio.sk\/wp-content\/uploads\/2017\/02\/archa-180x180.jpg 180w, https:\/\/www.bumstudio.sk\/wp-content\/uploads\/2017\/02\/archa-600x600.jpg 600w, https:\/\/www.bumstudio.sk\/wp-content\/uploads\/2017\/02\/archa-830x830.jpg 830w, https:\/\/www.bumstudio.sk\/wp-content\/uploads\/2017\/02\/archa-230x230.jpg 230w, https:\/\/www.bumstudio.sk\/wp-content\/uploads\/2017\/02\/archa-350x350.jpg 350w, https:\/\/www.bumstudio.sk\/wp-content\/uploads\/2017\/02\/archa-480x480.jpg 480w\" sizes=\"(max-width: 150px) 100vw, 150px\" alt=\"\" \t\tclass=\"so-widget-image\"\/>\n\t<\/a><\/div>\n\n<\/div><\/div><\/div><div id=\"panel-11-1-1-1\" class=\"so-panel widget widget_sow-headline panel-last-child\" data-index=\"6\" ><div style=\"text-align: left;\" data-title-color=\"#443f3f\" data-headings-color=\"#443f3f\" class=\"panel-widget-style panel-widget-style-for-11-1-1-1\" ><div\n\t\t\t\n\t\t\tclass=\"so-widget-sow-headline so-widget-sow-headline-default-f87a0bfa52e5-11\"\n\t\t\t\n\t\t><div class=\"sow-headline-container \">\n\t\t\t\t\t\t\t<h3 class=\"sow-headline\">\n\t\t\t\t\t\tBro\u017e\u00fary \t\t\t\t\t\t<\/h3>\n\t\t\t\t\t\t\t\t\t\t\t<div class=\"decoration\">\n\t\t\t\t\t\t<div class=\"decoration-inside\"><\/div>\n\t\t\t\t\t<\/div>\n\t\t\t\t\t\t\t\t\t\t\t<h6 class=\"sow-sub-headline\">\n\t\t\t\t\t\tTla\u010d let\u00e1kov, pozv\u00e1nok, ozn\u00e1men\u00ed, vstupeniek a in\u00fdch ...\t\t\t\t\t\t<\/h6>\n\t\t\t\t\t\t<\/div>\n<\/div><\/div><\/div><\/div><div id=\"pgc-11-1-2\"  class=\"panel-grid-cell\" ><div id=\"panel-11-1-2-0\" class=\"so-panel widget widget_sow-image panel-first-child\" data-index=\"7\" ><div style=\"text-align: left;\" data-title-color=\"#443f3f\" data-headings-color=\"#443f3f\" class=\"panel-widget-style panel-widget-style-for-11-1-2-0\" ><div\n\t\t\t\n\t\t\tclass=\"so-widget-sow-image so-widget-sow-image-default-c67d20f9f743-11\"\n\t\t\t\n\t\t>\n\n<div class=\"sow-image-container\">\n\t\t\t<a href=\"https:\/\/www.bumstudio.sk\/?page_id=276\"\n\t\t\t\t\t>\n\t\t\t<img loading=\"lazy\" decoding=\"async\" src=\"https:\/\/www.bumstudio.sk\/wp-content\/uploads\/2017\/01\/plakaty-postery-03-150x150.jpg\" width=\"150\" height=\"150\" srcset=\"https:\/\/www.bumstudio.sk\/wp-content\/uploads\/2017\/01\/plakaty-postery-03-150x150.jpg 150w, https:\/\/www.bumstudio.sk\/wp-content\/uploads\/2017\/01\/plakaty-postery-03-180x180.jpg 180w, https:\/\/www.bumstudio.sk\/wp-content\/uploads\/2017\/01\/plakaty-postery-03-300x300.jpg 300w\" sizes=\"(max-width: 150px) 100vw, 150px\" alt=\"\" \t\tclass=\"so-widget-image\"\/>\n\t<\/a><\/div>\n\n<\/div><\/div><\/div><div id=\"panel-11-1-2-1\" class=\"so-panel widget widget_sow-headline panel-last-child\" data-index=\"8\" ><div style=\"text-align: left;\" data-title-color=\"#443f3f\" data-headings-color=\"#443f3f\" class=\"panel-widget-style panel-widget-style-for-11-1-2-1\" ><div\n\t\t\t\n\t\t\tclass=\"so-widget-sow-headline so-widget-sow-headline-default-f87a0bfa52e5-11\"\n\t\t\t\n\t\t><div class=\"sow-headline-container \">\n\t\t\t\t\t\t\t<h3 class=\"sow-headline\">\n\t\t\t\t\t\tPostery\t\t\t\t\t\t<\/h3>\n\t\t\t\t\t\t\t\t\t\t\t<div class=\"decoration\">\n\t\t\t\t\t\t<div class=\"decoration-inside\"><\/div>\n\t\t\t\t\t<\/div>\n\t\t\t\t\t\t\t\t\t\t\t<h6 class=\"sow-sub-headline\">\n\t\t\t\t\t\tTla\u010d posterov, plag\u00e1tov a in\u00fdch do form\u00e1tu A3 ++ \t\t\t\t\t\t<\/h6>\n\t\t\t\t\t\t<\/div>\n<\/div><\/div><\/div><\/div><\/div><\/div><div id=\"pg-11-2\"  class=\"panel-grid panel-has-style\" ><div class=\"siteorigin-panels-stretch panel-row-style panel-row-style-for-11-2\" style=\"background-image: url(https:\/\/www.bumstudio.sk\/wp-content\/uploads\/2017\/01\/Xerox_orb.png);padding: 100px 0; \" data-stretch-type=\"full-stretched\" data-hasbg=\"hasbg\" data-overlay=\"true\" data-overlay-color=\"#000000\" ><div id=\"pgc-11-2-0\"  class=\"panel-grid-cell panel-grid-cell-empty\" ><\/div><div id=\"pgc-11-2-1\"  class=\"panel-grid-cell\" ><div id=\"panel-11-2-1-0\" class=\"so-panel widget widget_sydney_video_widget sydney_video_widget_widget panel-first-child panel-last-child\" data-index=\"9\" ><div style=\"text-align: left;\" data-title-color=\"#ffffff\" data-headings-color=\"#443f3f\" class=\"panel-widget-style panel-widget-style-for-11-2-1-0\" ><h3 class=\"widget-title\">Profesion\u00e1lna tla\u010d<\/h3><div class=\"sydney-video vid-normal\"><div class=\"video-overlay\"><div class=\"sydney-video-inner\"><span class=\"close-popup\"><i class=\"fa fa-times\"><\/i><\/span><\/div><\/div><div class=\"video-text\"><\/div><a href=\"#\" class=\"toggle-popup\"><i class=\"fa fa-play\"><\/i><\/a><\/div><\/div><\/div><\/div><div id=\"pgc-11-2-2\"  class=\"panel-grid-cell\" ><div id=\"panel-11-2-2-0\" class=\"so-panel widget widget_sydney_action sydney_action_widget panel-first-child panel-last-child\" data-index=\"10\" ><div style=\"text-align: left;\" data-title-color=\"#ffffff\" data-headings-color=\"#ffffff\" class=\"panel-widget-style panel-widget-style-for-11-2-2-0\" ><h3 class=\"widget-title\">Va\u0161u tla\u010d nechajte na n\u00e1s<\/h3>        <div class=\"roll-promobox \">\r\n\t\t\t<div class=\"promo-wrap\">\r\n\t\t\t\t\t\t\t\t<div class=\"promo-content\">\r\n\t\t\t\t\t<h3 class=\"title\">Nev\u00e1hajte a nap\u00ed\u0161te n\u00e1m ! Pom\u00f4\u017eeme V\u00e1m zrealizova\u0165, va\u0161e po\u017eiadavky ktor\u00e9 tla\u010d\u00edme na najpokrokovej\u0161ej technike .<\/h3>\r\n\t\t\t\t<\/div>\r\n\t\t\t\t\t\t\t\t<div class=\"promo-controls\">\r\n\t\t\t\t\t<a href=\"\" class=\"roll-button border\">Kontakt<\/a>\r\n\t\t\t\t<\/div>\r\n\t\t\t<\/div>\r\n        <\/div>\r\n\t<\/div><\/div><\/div><\/div><\/div><\/div>","protected":false},"excerpt":{"rendered":"<p>Digit\u00e1lna Tla\u010d do form\u00e1tu A3+,A3++( 330x488mm ) Form\u00e1ty A3 a men\u0161ie s\u00fa realizovan\u00e9 laserovou technol\u00f3giou, ktor\u00e1 je ekonomickej\u0161ia. Je pre \u0148u charakteristick\u00e1 [&hellip;]<\/p>\n","protected":false},"author":1,"featured_media":0,"parent":0,"menu_order":0,"comment_status":"closed","ping_status":"closed","template":"page-templates\/page_front-page.php","meta":{"footnotes":""},"class_list":["post-11","page","type-page","status-publish","hentry"],"_links":{"self":[{"href":"https:\/\/www.bumstudio.sk\/index.php?rest_route=\/wp\/v2\/pages\/11"}],"collection":[{"href":"https:\/\/www.bumstudio.sk\/index.php?rest_route=\/wp\/v2\/pages"}],"about":[{"href":"https:\/\/www.bumstudio.sk\/index.php?rest_route=\/wp\/v2\/types\/page"}],"author":[{"embeddable":true,"href":"https:\/\/www.bumstudio.sk\/index.php?rest_route=\/wp\/v2\/users\/1"}],"replies":[{"embeddable":true,"href":"https:\/\/www.bumstudio.sk\/index.php?rest_route=%2Fwp%2Fv2%2Fcomments&post=11"}],"version-history":[{"count":16,"href":"https:\/\/www.bumstudio.sk\/index.php?rest_route=\/wp\/v2\/pages\/11\/revisions"}],"predecessor-version":[{"id":314,"href":"https:\/\/www.bumstudio.sk\/index.php?rest_route=\/wp\/v2\/pages\/11\/revisions\/314"}],"wp:attachment":[{"href":"https:\/\/www.bumstudio.sk\/index.php?rest_route=%2Fwp%2Fv2%2Fmedia&parent=11"}],"curies":[{"name":"wp","href":"https:\/\/api.w.org\/{rel}","templated":true}]}}